 r(f) = 14*f**2 - 378*f - 52. Give r(30).
1208
Let f(r) = -32096*r + 192554. Calculate f(6).
-22
Let z(s) = -s**3 + 15*s**2 - 66*s + 677. Calculate z(14).
-51
Let g(v) = -95*v**2 - 3228*v + 43. Calculate g(-34).
-25
Let x(s) = s**3 + s**2 + 102513*s + 307560. Give x(-3).
3
Let z(t) = -t**3 - 110*t**2 - 1421*t - 79. Calculate z(-16).
-1407
Let r(m) = -138664*m - 1247998. Calculate r(-9).
-22
Let h(n) = -22*n**2 - 27159*n + 259999. Calculate h(-1244).
3
Let d(p) = -3*p**2 + 24*p + 3617. What is d(-31)?
-10
Let b(p) = p**2 - 61*p + 2797. Determine b(40).
1957
Let k(q) = -q**3 + 30*q**2 + 637*q - 18784. Determine k(31).
2
Let u(a) = a**2 - 379*a - 3032. Give u(-8).
64
Let h(x) = 1153*x + 146617. Give h(-126).
1339
Let a(m) = 2*m**3 - 36*m**2 + 123*m - 286. Give a(14).
-132
Let t(u) = 3*u**3 + 46*u**2 - 56*u + 34. Give t(-17).
-459
Let i(k) = -k**3 + 83*k**2 - 452*k + 37511. Give i(83).
-5
Let m(a) = -a**3 + 173*a**2 - 659*a - 9. Give m(4).
59
Let q(z) = -114*z - 4659. What is q(-42)?
129
Let c(h) = 3*h**2 - 991*h + 13991. Determine c(15).
-199
Let c(s) = 34349*s - 274386. What is c(8)?
406
Let z(t) = t**3 + 183*t**2 + 237*t + 112359. Determine z(-185).
64
Let n(v) = -15*v**2 - 17*v - 212. Calculate n(-6).
-650
Let m(c) = c**3 + 93*c**2 + 686*c - 12. Calculate m(0).
-12
Let o(i) = 12*i**2 - 188*i + 1318. Calculate o(11).
702
Let v(u) = u**2 + 998*u - 826362. Calculate v(538).
6
Let s(g) = -151*g + 31287. What is s(206)?
181
Let i(a) = -21*a**3 + 12*a**2 + 708*a - 3585. Give i(5).
-2370
Let h(j) = j**3 + 221*j**2 + 11971*j + 107. Give h(-95).
12
Let a(u) = 5*u**2 - 312*u + 167. Determine a(63).
356
Let c(r) = -4336*r - 15929. Give c(-4).
1415
Let m(c) = -c**2 - 554*c - 15939. Determine m(-32).
765
Let c(f) = -73139*f - 3949501. Calculate c(-54).
5
Let a(t) = -1938*t - 28920. What is a(-15)?
150
Let a(o) = 6*o**2 - 286*o - 640. Calculate a(-2).
-44
Let l(g) = -3*g**3 - 463*g**2 + 371*g + 9423. Calculate l(-155).
-32
Let r(u) = -2121*u + 213970. What is r(101)?
-251
Let u(r) = 56230*r - 112461. Determine u(2).
-1
Let y(b) = -73*b**2 + 6*b + 308. What is y(-4)?
-884
Let h(l) = 4*l**2 - 734*l - 5724. Calculate h(191).
6
Let i(y) = -83*y - 4818. Give i(-64).
494
Let v(b) = -b**3 - 6*b**2 + 892*b + 21. Determine v(-33).
-12
Let q(u) = u**3 + 78*u**2 + 87*u + 247. Give q(-77).
-523
Let f(l) = -7*l**2 - 157*l + 35. Give f(-8).
843
Let y(f) = f**2 - 1372*f - 489812. Determine y(-294).
-8
Let m(y) = y**2 + 124*y + 1251. What is m(-11)?
8
Let s(x) = 1055*x**3 + 4*x**2 + 449*x + 447. Give s(-1).
-1053
Let o(n) = -2666*n - 10506. What is o(-4)?
158
Let z(x) = -5*x**2 + 1639*x - 7791. Give z(323).
-39
Let j(y) = -15*y**3 - 476*y**2 + 123*y - 152. What is j(-32)?
8
Let z(y) = 91*y + 336. Determine z(-21).
-1575
Let a(c) = 17*c**2 + 155*c - 81. Determine a(2).
297
Let p(z) = 85*z - 6178. Calculate p(62).
-908
Let u(f) = -12641*f - 152837. Give u(-12).
-1145
Let c(z) = 28*z**3 - 84*z**2 - 37*z + 126. Give c(3).
15
Let x(z) = 18782*z + 300529. Give x(-16).
17
Let t(k) = -7*k**2 - 957*k - 7191. What is t(-8)?
17
Let o(g) = -g**3 + 3*g**2 + 274*g - 483. Give o(-16).
-3
Let s(t) = 1972*t - 14457. Give s(8).
1319
Let u(a) = a**2 - 143*a - 1282. Give u(151).
-74
Let z(w) = 2365173*w + 4730346. Calculate z(-2).
0
Let y(h) = 2*h**2 + 28*h - 3566. What is y(34)?
-302
Let x(q) = -6*q**3 + 14*q**2 - 22*q + 5. Determine x(0).
5
Let s(k) = 2*k**2 + 7002*k + 56000. Determine s(-8).
112
Let n(l) = 165*l + 32423. Determine n(-197).
-82
Let a(d) = d**2 + 289*d + 3449. Calculate a(-12).
125
Let g(l) = 6423*l + 179826. Determine g(-28).
-18
Let x(u) = 15960*u - 5665799. Give x(355).
1
Let s(w) = -3*w**3 + 276*w**2 + 1140*w + 60. Give s(-4).
108
Let j(u) = u**2 - 183635*u - 36582971. Determine j(-199).
-5
Let t(f) = 5*f**2 + 1243*f - 4986. Calculate t(4).
66
Let w(z) = 8340*z + 300294. Give w(-36).
54
Let v(g) = 425*g + 1109. Calculate v(0).
1109
Let v(s) = s**2 + 636*s - 23670. What is v(35)?
-185
Let q(h) = -809*h**2 - 204757*h - 20236. Give q(-253).
4
Let r(p) = 34*p**2 - 281*p + 585. What is r(5)?
30
Let q(v) = -19*v**2 + 813*v - 7672. Determine q(14).
-14
Let l(z) = 239*z**2 - 10746*z - 392. Give l(45).
13
Let z(s) = 24428*s - 122191. Determine z(5).
-51
Let o(c) = 26715*c - 80152. Determine o(3).
-7
Let t(p) = -5608302*p + 7. Determine t(0).
7
Let o(w) = -28*w**2 - 2855*w - 55223. What is o(-76)?
29
Let t(h) = -28958*h + 897666. Give t(31).
-32
Let i(f) = -14*f**2 + 1577*f + 22815. Give i(-13).
-52
Let f(g) = -g**3 + 104*g**2 + 1015*g + 13. What is f(-9)?
31
Let s(x) = 211*x**2 + 21731*x - 248. What is s(-103)?
-42
Let c(z) = 31*z**2 - 5257*z - 2227. Determine c(170).
-17
Let q(z) = -498*z + 61223. Calculate q(123).
-31
Let c(h) = h**3 + 38*h**2 + 42*h + 396. Give c(-37).
211
Let y(s) = -s**3 + 494*s**2 + 9785*s + 715. Give y(-19).
-7
Let r(o) = 25*o**2 + 641*o + 549. Calculate r(-26).
783
Let d(h) = -h**3 - 18*h**2 + 31*h - 89. Calculate d(-24).
2623
Let k(f) = -91*f**3 - f**2 + 45*f + 51. Calculate k(0).
51
Let u(s) = 213*s**2 - 1123*s - 55. Determine u(6).
875
Let d(l) = -1497*l - 70128. Determine d(-46).
-1266
Let p(z) = -3*z**3 + 191*z**2 - 2818*z - 881. Determine p(40).
-1
Let w(h) = -h**3 + 488*h**2 + 3085*h - 59748. What is w(494)?
26
Let y(x) = x**2 - 421*x + 31929. Determine y(99).
51
Let p(q) = 4*q**3 + 44*q**2 - 3*q - 250. Calculate p(-11).
-217
Let r(m) = 480*m + 5099. Give r(-9).
779
Let o(q) = -27*q**2 + 2271*q - 20438. What is o(9)?
-2186
Let o(l) = -2*l**2 - 104*l - 268. Determine o(-49).
26
Let j(z) = -39535*z - 1502336. Determine j(-38).
-6
Let i(g) = -34720*g - 555556. Give i(-16).
-36
Let x(l) = 3*l**3 - 8*l**2 + 183*l + 723. What is x(-4)?
-329
Let l(m) = -3*m**2 + 113*m - 1877. Give l(18).
-815
Let x(z) = z**3 + 12*z**2 - 393*z - 5633. Calculate x(-12).
-917
Let o(y) = 1002*y + 10948. Determine o(-12).
-1076
Let o(i) = -71*i**2 + 81*i + 167. What is o(-2)?
-279
Let o(h) = -40*h**2 - 1046*h - 69. Calculate o(-26).
87
Let o(j) = 46*j**2 + 2623*j - 132. Calculate o(-57).
-189
Let w(z) = 2*z**3 - 137*z**2 + 2299*z + 77. Give w(39).
-1
Let v(q) = -8*q**3 - 810*q**2 - 992*q + 791. What is v(-100)?
-9
Let o(x) = -107*x - 7480. Determine o(-81).
1187
Let f(y) = -2945*y - 100118. Give f(-34).
12
Let j(w) = -5*w**2 - 183*w - 1532. Determine j(-24).
-20
Let j(s) = -564*s - 156208. What is j(-277)?
20
Let t(d) = -168*d - 251. Calculate t(12).
-2267
Let q(m) = 870*m + 4937. Give q(-7).
-1153
Let z(n) = -6*n**2 + 1009*n - 17910. Give z(148).
-2
Let i(w) = -w**3 + 84*w**2 - 802*w + 137. Calculate i(73).
210
Let m(x) = -2*x**2 + 25*x + 4157. Determine m(-40).
-43
Let a(i) = -1549*i + 11180. Determine a(7).
337
Let q(o) = -o**3 + 6*o**2 + 67*o - 15. Calculate q(-7).
153
Let o(j) = j**3 - 62*j**2 - 888*j + 48612. What is o(64)?
-28
Let n(d) = -69*d**2 - 178*d - 549. What is n(-3)?
-636
Let s(y) = y**2 + 554*y + 25316. Calculate s(-50).
116
Let p(n) = -41121*n + 369859. What is p(9)?
-230
Let t(a) = -56*a**2 - 232*a + 210. Determine t(-5).
-30
Let a(h) = -423149*h + 846315. Determine a(2).
17
Let d(i) = 324*i**2 + 4519*i - 281. Determine d(-14).
-43
Let h(n) = -n**3 + 92*n**2 + 184*n + 355. Determine h(94).
-21
Let c(x) = -2*x**2 + 4030*x - 316941. Give c(82).
71
Let j(d) = -4*d**3 - 9*d**2 - 12*d + 54. Determine j(4).
-394
Let o(b) = -6*b**3 - 964*b**2 + 317*b - 766. Give o(-161).
39
Let u(a) = 11*a**2 + 650*a - 4298. Give u(6).
-2
Let m(d) = -86*d**3 - 45*d**2 - 31*d + 15. Determine m(-1).
87
Let d(x) = -65*x**2 - 434*x - 63. Calculate d(-7).
-210
Let i(q) = 3*q**3 - 407*q**2 + 672*q - 948. Give i(134).
-680
Let k(h) = 12*h**3 + 104*h**2 + 52*h - 93. Give k(-8).
3
Let h(x) = 13*x**2 - 163*x - 1186. What is h(-12)?
2642
Let k(d) = 67537*d**2 + 607835*d + 27. Give k(-9).
9
Let h(p) = -3*p**3 + 57*p**2 - 228*p - 26. What is h(14)?
-278
Let j(a) = -2056*a + 10218. What is j(5)?
-62
Let p(k) = 1739*k + 260860. Calculate p(-150).
10
Let l(t) = 526*t - 74754. What is l(142)?
-62
Let r(u) = -1100*u - 364079. Calculate r(-331).
21
Let j(k) = -88*k**2 - 1437*k + 2857. Determine j(2).
-369
Let k(u) = -4*u**2 - 9840*u - 1437699. What is k(-156)?
-3
Let i(a) = -3*a**2 + 221*a + 2762. Give i(60).
5222
Let v(l) = -467*l - 2378. Determine v(-5).
-43
Let h(y) = -11*y**2 + 26*y + 753. D